l - 246 = 0. What are the prime factors of n?
2, 3, 13
Let u = 16 - 19. What are the prime factors of 50/(-2*u/3)?
5
Let v = 150 - 98. List the prime factors of v.
2, 13
Let f = -3 - 8. Let g = f - -19. Suppose 3*k - g - 13 = 0. List the prime factors of k.
7
Suppose -20*a + 4720 = -4*a. List the prime factors of a.
5, 59
Let s(a) = a**2 - 4*a. Let l be s(5). Suppose 1 + l = 3*g. Suppose g*q + w - 12 = -w, 5*q = 2*w + 2. What are the prime factors of q?
2
Let p = -11 - -16. List the prime factors of p.
5
Let x = 7 + -10. What are the prime factors of 20/3*x/(-2)?
2, 5
Let i = 104 + -65. List the prime factors of i.
3, 13
Suppose -4*t = -4*u + 160, -3*u - 3*t - 45 + 153 = 0. What are the prime factors of u?
2, 19
Suppose -36 = -5*d + 34. What are the prime factors of d?
2, 7
Suppose 0*u - u + 2 = 0. Suppose -4*h + 30 = 2*x, -u*x - x + 5*h = -1. Let n = -4 + x. List the prime factors of n.
3
Suppose i + 0*i = 2. Suppose -5*g - 2*z - 37 = z, i*z - 2 = 0. Let y = g - -16. What are the prime factors of y?
2
Let k(s) = -5*s**3 + s**2 - 2*s + 13. Let j(z) = z**3 + z**2 + z - 1. Let u(w) = 6*j(w) + k(w). List the prime factors of u(-6).
19
Suppose -y = 4*c - 4, c + y + y = 8. List the prime factors of c/(-4) - (3 + -20).
17
Let x(m) = 2*m**2 - 10*m + 7. What are the prime factors of x(7)?
5, 7
Let g(o) = -2*o - 23. Let j(d) = -3*d - 35. Let u(k) = -8*g(k) + 5*j(k). Let t be u(-9). Suppose 0 = 3*w - t*w - 6. List the prime factors of w.
2
Suppose -s = 3*c - 136, 0 = -c - 0*s - 2*s + 52. List the prime factors of c*(3/12 - 0).
11
Suppose 0 = -3*s + 12, -x = -s - 3 + 2. Suppose -3*z - 4*m = -25 - 6, -3*m = x*z - 37. What are the prime factors of z?
5
Let l(k) be the first derivative of -k - 1. Let u(p) = p**2 - p - 5. Let h(w) = -3*l(w) - u(w). List the prime factors of h(0).
2
Suppose 3*c - t - 5 = -0*c, -3*t = -12. Suppose 0 = -c*x + 12. What are the prime factors of x?
2
Let w(v) = 3*v**2 - 11*v + 3. Let m be w(9). Suppose -6*l + 171 = -m. What are the prime factors of l?
53
Let h(m) = 2*m**3 - 6*m**2 + 6*m - 4. Let n be h(6). Suppose -4*v = -4*a + n, 2*v - 119 = -2*a - v. Suppose -5*q + a = -14. List the prime factors of q.
3, 5
Suppose -4*z + 5*z - 4*i = 46, 0 = -z + 3*i + 46. List the prime factors of z.
2, 23
Let s(d) be the third derivative of 7*d**4/24 - 3*d**3/2 - 2*d**2. Let x be s(6). Suppose 2*h + h - 2*i = x, -4*h + 39 = -i. List the prime factors of h.
3
Let r(q) = -q**2 - 12*q - 3. Let v = -17 - -11. Let o be r(v). Suppose -2*k = k - o. List the prime factors of k.
11
Let d(r) = -r - 2. Let n be d(-3). Suppose 2*h + 3*k = -8, -4*h - 3*k - n = -9*h. List the prime factors of h*-1*(2 + 0).
2
Let n = 54 - -3. What are the prime factors of n?
3, 19
Let p = 11 - 21. Suppose -4*g = -3*q - 24 - 25, 5*g - q - 75 = 0. Let j = g + p. What are the prime factors of j?
2, 3
Suppose -3*d = -10 + 1, 2*i - 4*d - 92 = 0. Let s be ((-6)/5)/(9/(-30)). Suppose k - 4*a = 25, 18 = -2*k + s*a + i. List the prime factors of k.
3
Let c(x) be the first derivative of x**4/2 - 7*x**3/3 + 5*x**2/2 - 4*x - 2. What are the prime factors of c(4)?
2
What are the prime factors of (33*2)/(1 + 1)?
3, 11
Let z be (1 - 2)/(-1) + 11. Suppose -6*o + 2*o = -z. Suppose o = -0*k + k. What are the prime factors of k?
3
Let q(n) = 30*n**2 - 2*n - 1. What are the prime factors of q(-1)?
31
Suppose 0 = -3*m - 5*p + 46 + 19, 4*m - 110 = 5*p. What are the prime factors of (-2)/(-5) - (-165)/m?
7
Let w be (2/(-5))/((-3)/(-15)). Let u = 3 + w. Suppose 19 - u = 2*c. What are the prime factors of c?
3
Suppose -w - f + 2 = -2*f, 0 = -5*w - 4*f + 19. Suppose 0 = w*d - 2*d - 19. List the prime factors of d.
19
Let f = -1 - 0. Let u(y) = -2*y**3 - y**2 + y + 1. Let t be u(f). Suppose 0 = 4*m - 45 + t. What are the prime factors of m?
11
Let z(a) = a**2 - 2*a - 8. What are the prime factors of z(6)?
2
Let o be 1 + 78 - (-6 + 5). Suppose 4*z + 8 = -0, 3*v - 4*z - o = 0. List the prime factors of v.
2, 3
Suppose 5*h - 1580 = 5*q, 4*q = -5*h + q + 1572. List the prime factors of h.
3, 5, 7
Suppose 9 = -r + 85. List the prime factors of r.
2, 19
Suppose 3*y + 18 = -165. Let p = -43 - y. List the prime factors of p.
2, 3
Let i(l) = l**3 - 4*l**2 + 3*l + 2. Let r be i(3). Suppose -2*q + 3*q = 5*z + 34, 3*q + r*z - 68 = 0. What are the prime factors of q?
2, 3
What are the prime factors of (-4)/(-26) - 8802/(-78)?
113
Let z(k) = -k**3 + 5*k**2 + 4*k - 4. Let w be z(4). Suppose -w - 36 = -4*y. Suppose -f + 5*i + y = 0, 7 = 4*f + 3*i - 11. List the prime factors of f.
2, 3
Let p(a) = 5*a**2 - a - 6*a**2 + 11 + 13. What are the prime factors of p(0)?
2, 3
Let z(n) = -4*n**3 + 2*n**2 - 1. List the prime factors of z(-2).
3, 13
Let i be 61/3 - (-3)/(-9). Suppose -3*n + i + 130 = 0. List the prime factors of n.
2, 5
Let s(b) = 3 - 1 - 7*b + 3*b**2 - 6*b + 7*b. What are the prime factors of s(4)?
2, 13
Suppose 0 = 2*p - 2*j - 3 - 1, 2*p + 4 = 4*j. Let r = p + -3. Suppose -4*v - v - 6 = -u, 2*u - r*v - 19 = 0. What are the prime factors of u?
11
Let j = -8 + 13. Let a = 5 - j. List the prime factors of a - 0 - (-4 + 2).
2
Let b = 0 - 2. Let x be (-5 - b)*(-8)/(-6). Let y = 4 - x. What are the prime factors of y?
2
Suppose -116 = -3*s + 22. Suppose 5*c - 6 - 4 = 0. Suppose -4*o - c*x + 32 = 0, -4*x = -3*o - 0*x + s. What are the prime factors of o?
2, 5
Suppose 2*o - 7*o = -4*v - 410, 3*v - 445 = -5*o. Suppose -5*w + o = -34. List the prime factors of w.
2, 3
Suppose -u = 4*u + 20. Let b(n) = n**2 + n - 3. What are the prime factors of b(u)?
3
Let k(h) = -h**2 + 8*h - 8. Let w be k(8). Let q(b) = -5*b - 10. Let r(c) = -14*c - 31. Let p(a) = w*q(a) + 3*r(a). What are the prime factors of p(-10)?
7
Suppose 4 = -n + 2*n. Let b(t) = n*t**3 - 8*t**2 + 4 + 10*t - 3*t**3 - 14. What are the prime factors of b(7)?
11
Suppose -2*q + 10 = -44. Suppose -71 = -2*m - q. List the prime factors of m.
2, 11
Let y = 3 - -14. What are the prime factors of y?
17
Let c = 0 - -2. Suppose -3*s - c*h + 12 = 0, 0*s + h = -s + 4. What are the prime factors of s?
2
Let s(r) = r**2 + 1. Let x(v) = v**3 - 8*v**2 + 11*v + 3. Let t(c) = -2*s(c) + x(c). What are the prime factors of t(9)?
19
Let r be 17/4*(1 - 5). Let c = 36 + r. What are the prime factors of c?
19
Suppose 0 = -h + 2, 5*d = -h - 5 + 22. Suppose -5*i = 0, -2*o + d*i - 5 = 1. Let b = o - -6. What are the prime factors of b?
3
Suppose 4*y - 4 = 4*o - 0*o, 3*y - 5*o - 3 = 0. Let i be (y - 14/(-2))/2. Suppose 3*s = i*s - 5. List the prime factors of s.
5
Suppose -2*s + 2*c = -316, -2*s = 5*c + 155 - 499. What are the prime factors of s?
2, 3
Let n(j) be the second derivative of 7/6*j**3 + 4*j**2 + 0 + 1/12*j**4 - j. List the prime factors of n(-6).
2
Let b(r) = r + 10. Let z be b(-8). Let n be (z + 0)*(-1)/1. What are the prime factors of 1 + n + -2 + 6?
3
Suppose 3*w = -2 - 7. What are the prime factors of -2 + (w - (-2 - 13))?
2, 5
Suppose -5*p - b + 1927 = 0, -3*p + 5*b - 4*b + 1153 = 0. What are the prime factors of p?
5, 7, 11
Let g(f) = -f**3 - 4*f**2 + 5*f - 5. Suppose 4*t + 3*k = -39, t + 6*k - 3*k = -21. List the prime factors of g(t).
37
List the prime factors of (-333)/(-18) - 6/4.
17
Suppose -140 = -z - 3*z. What are the prime factors of z?
5, 7
Let r be (-4)/(-6) + (-2)/3. Suppose -v + 3*l = -24, 0 = 4*v - r*l - l - 85. What are the prime factors of v?
3, 7
Let o(s) = -s**3 - 14*s**2 + 11*s - 24. What are the prime factors of o(-15)?
2, 3
Suppose 0 = -3*f + 327 - 117. List the prime factors of f.
2, 5, 7
Let h = 7 + -12. Let y(f) = f**2 + f - 2. Let c be y(h). Let g = 25 - c. What are the prime factors of g?
7
Let k = -3 - -10. Suppose -k = -3*r + r - y, -3*r + 5*y = -43. List the prime factors of r.
2, 3
Let v = -128 - -286. List the prime factors of v.
2, 79
Let a(m) be the first derivative of -m**2 + 6*m + 2. Let z be a(4). List the prime factors of z/(-1 + (-1)/(-2)).
2
Suppose 4*y - 32 = 2*y. Let f be (20/6)/(y/24). Suppose f*n - n + 2 = -c, -5*c + 56 = -2*n. What are the prime factors of c?
2, 5
Let h(v) = -3*v + 4*v - 4*v - v. Let t(x) = x**2 - 6*x + 6. Let r be t(4). List the prime factors of h(r).
2
Suppose -x = 3*y - 43 + 13, 5*y - 120 = -4*x. List the prime factors of x.
2, 3, 5
Let n = -3 - -4. Suppose b = 2*b - n. Suppose 2*d + q = 3, -5*q = 5*d - b 